{"id":817,"date":"2022-01-09T12:42:40","date_gmt":"2022-01-09T11:42:40","guid":{"rendered":"https:\/\/euroconsum.eu\/?page_id=817"},"modified":"2022-10-22T21:14:30","modified_gmt":"2022-10-22T19:14:30","slug":"abhilfeklagen","status":"publish","type":"page","link":"https:\/\/euroconsum.eu\/fr\/abhilfeklagen\/","title":{"rendered":"Recours en r\u00e9vision"},"content":{"rendered":"<div data-elementor-type=\"wp-page\" data-elementor-id=\"817\" class=\"elementor elementor-817\" data-elementor-post-type=\"page\">\n\t\t\t\t\t\t<section class=\"elementor-section elementor-top-section elementor-element elementor-element-3120fd6 elementor-section-boxed elementor-section-height-default elementor-section-height-default\" data-id=\"3120fd6\" data-element_type=\"section\" data-e-type=\"section\">\n\t\t\t\t\t\t<div class=\"elementor-container elementor-column-gap-default\">\n\t\t\t\t\t<div class=\"elementor-column elementor-col-100 elementor-top-column elementor-element elementor-element-27caff8\" data-id=\"27caff8\" data-element_type=\"column\" data-e-type=\"column\">\n\t\t\t<div class=\"elementor-widget-wrap elementor-element-populated\">\n\t\t\t\t\t\t<div class=\"elementor-element elementor-element-86c995f elementor-widget elementor-widget-spacer\" data-id=\"86c995f\" data-element_type=\"widget\" data-e-type=\"widget\" data-widget_type=\"spacer.default\">\n\t\t\t\t<div class=\"elementor-widget-container\">\n\t\t\t\t\t\t\t<div class=\"elementor-spacer\">\n\t\t\t<div class=\"elementor-spacer-inner\"><\/div>\n\t\t<\/div>\n\t\t\t\t\t\t<\/div>\n\t\t\t\t<\/div>\n\t\t\t\t<div class=\"elementor-element elementor-element-b7cf06a elementor-widget elementor-widget-heading\" data-id=\"b7cf06a\" data-element_type=\"widget\" data-e-type=\"widget\" data-widget_type=\"heading.default\">\n\t\t\t\t<div class=\"elementor-widget-container\">\n\t\t\t\t\t<h2 class=\"elementor-heading-title elementor-size-large\">Recours en r\u00e9vision<\/h2>\t\t\t\t<\/div>\n\t\t\t\t<\/div>\n\t\t\t\t<section class=\"elementor-section elementor-inner-section elementor-element elementor-element-068afe0 elementor-section-boxed elementor-section-height-default elementor-section-height-default\" data-id=\"068afe0\" data-element_type=\"section\" data-e-type=\"section\">\n\t\t\t\t\t\t<div class=\"elementor-container elementor-column-gap-default\">\n\t\t\t\t\t<div class=\"elementor-column elementor-col-50 elementor-inner-column elementor-element elementor-element-03e8144\" data-id=\"03e8144\" data-element_type=\"column\" data-e-type=\"column\">\n\t\t\t<div class=\"elementor-widget-wrap elementor-element-populated\">\n\t\t\t\t\t\t<div class=\"elementor-element elementor-element-ee86aa3 elementor-widget elementor-widget-text-editor\" data-id=\"ee86aa3\" data-element_type=\"widget\" data-e-type=\"widget\" data-widget_type=\"text-editor.default\">\n\t\t\t\t<div class=\"elementor-widget-container\">\n\t\t\t\t\t\t\t\t\t<p>Les consommateurs devraient en parler. <b>Actions en r\u00e9paration et actions en justice mod\u00e8les<\/b> savoir<\/p><ul><li>Le site\u00a0<a href=\"https:\/\/eur-lex.europa.eu\/legal-content\/DE\/TXT\/HTML\/?uri=CELEX:32020L1828\">Directive (UE) 2020\/1828 du Parlement europ\u00e9en et du Conseil du 25 novembre 2020 relative aux actions collectives en mati\u00e8re de protection des int\u00e9r\u00eats collectifs [...].<\/a>) introduit <strong>Introduit un nouveau r\u00e9gime de protection juridique pour la d\u00e9fense des int\u00e9r\u00eats collectifs<\/strong>.<\/li><li><span style=\"color: var( --e-global-color-text );\">Contrairement \u00e0 l'Allemagne <strong>Mod\u00e8le d'action en justice<\/strong> Il s'agit d'une proc\u00e9dure en une seule \u00e9tape. Cela signifie qu'il est possible d'intenter une action directe en r\u00e9paration ou en dommages-int\u00e9r\u00eats et que le d\u00e9tour actuellement n\u00e9cessaire par une d\u00e9cision de constatation est supprim\u00e9.<\/span><\/li><\/ul><p>La directive est actuellement en attente de mise en \u0153uvre.<\/p><p><strong style=\"color: var( --e-global-color-text );\">D\u00e8s que nous aurons entam\u00e9 les proc\u00e9dures correspondantes, nous en parlerons ici.<\/strong><\/p>\t\t\t\t\t\t\t\t<\/div>\n\t\t\t\t<\/div>\n\t\t\t\t\t<\/div>\n\t\t<\/div>\n\t\t\t\t<div class=\"elementor-column elementor-col-50 elementor-inner-column elementor-element elementor-element-a5caa54\" data-id=\"a5caa54\" data-element_type=\"column\" data-e-type=\"column\">\n\t\t\t<div class=\"elementor-widget-wrap elementor-element-populated\">\n\t\t\t\t\t\t<div class=\"elementor-element elementor-element-418363f elementor-widget elementor-widget-image\" data-id=\"418363f\" data-element_type=\"widget\" data-e-type=\"widget\" data-widget_type=\"image.default\">\n\t\t\t\t<div class=\"elementor-widget-container\">\n\t\t\t\t\t\t\t\t\t\t\t\t\t\t\t<img fetchpriority=\"high\" decoding=\"async\" width=\"800\" height=\"600\" src=\"https:\/\/euroconsum.eu\/wp-content\/uploads\/2021\/12\/bgh-1024x768.jpeg\" class=\"attachment-large size-large wp-image-427\" alt=\"\" \/>\t\t\t\t\t\t\t\t\t\t\t\t\t\t\t<\/div>\n\t\t\t\t<\/div>\n\t\t\t\t<div class=\"elementor-element elementor-element-c2fd0ec elementor-widget elementor-widget-text-editor\" data-id=\"c2fd0ec\" data-element_type=\"widget\" data-e-type=\"widget\" data-widget_type=\"text-editor.default\">\n\t\t\t\t<div class=\"elementor-widget-container\">\n\t\t\t\t\t\t\t\t\t<p><span style=\"font-weight: bold;\">Informations compl\u00e9mentaires :<\/span><\/p><ul><li><a href=\"https:\/\/euroconsum.eu\/fr\/prozessabteilung\/\">Notre d\u00e9partement de processus<\/a><\/li><li><a href=\"https:\/\/euroconsum.eu\/fr\/elementor-655\/\">Nos actions en cessation<\/a><\/li><li><a href=\"https:\/\/euroconsum.eu\/fr\/unterlassungsklagen\/\">Nos proc\u00e9dures de punition<\/a><\/li><li><a href=\"https:\/\/euroconsum.eu\/fr\/verstoss-melden\/\">Signaler une infraction<\/a><\/li><\/ul>\t\t\t\t\t\t\t\t<\/div>\n\t\t\t\t<\/div>\n\t\t\t\t\t<\/div>\n\t\t<\/div>\n\t\t\t\t\t<\/div>\n\t\t<\/section>\n\t\t\t\t<div class=\"elementor-element elementor-element-b84b648 elementor-widget elementor-widget-spacer\" data-id=\"b84b648\" data-element_type=\"widget\" data-e-type=\"widget\" data-widget_type=\"spacer.default\">\n\t\t\t\t<div class=\"elementor-widget-container\">\n\t\t\t\t\t\t\t<div class=\"elementor-spacer\">\n\t\t\t<div class=\"elementor-spacer-inner\"><\/div>\n\t\t<\/div>\n\t\t\t\t\t\t<\/div>\n\t\t\t\t<\/div>\n\t\t\t\t\t<\/div>\n\t\t<\/div>\n\t\t\t\t\t<\/div>\n\t\t<\/section>\n\t\t\t\t<\/div>","protected":false},"excerpt":{"rendered":"<p>Actions en r\u00e9paration Ce que les consommateurs doivent savoir sur les actions en r\u00e9paration et les mod\u00e8les d'actions en r\u00e9paration : La directive (UE) 2020\/1828 du Parlement europ\u00e9en et du Conseil du 25 novembre 2020 sur les actions collectives pour la protection des int\u00e9r\u00eats collectifs [...]) introduit un nouveau r\u00e9gime de recours pour la d\u00e9fense des int\u00e9r\u00eats collectifs. Contrairement \u00e0 l'action en justice mod\u00e8le allemande, il s'agit d'une proc\u00e9dure \u00e0 une seule \u00e9tape. Cela signifie que, directement \u00e0 partir de la r\u00e9paration [...]<\/p>","protected":false},"author":1,"featured_media":0,"parent":0,"menu_order":0,"comment_status":"closed","ping_status":"closed","template":"","meta":{"footnotes":""},"class_list":["post-817","page","type-page","status-publish","hentry"],"_links":{"self":[{"href":"https:\/\/euroconsum.eu\/fr\/wp-json\/wp\/v2\/pages\/817","targetHints":{"allow":["GET"]}}],"collection":[{"href":"https:\/\/euroconsum.eu\/fr\/wp-json\/wp\/v2\/pages"}],"about":[{"href":"https:\/\/euroconsum.eu\/fr\/wp-json\/wp\/v2\/types\/page"}],"author":[{"embeddable":true,"href":"https:\/\/euroconsum.eu\/fr\/wp-json\/wp\/v2\/users\/1"}],"replies":[{"embeddable":true,"href":"https:\/\/euroconsum.eu\/fr\/wp-json\/wp\/v2\/comments?post=817"}],"version-history":[{"count":10,"href":"https:\/\/euroconsum.eu\/fr\/wp-json\/wp\/v2\/pages\/817\/revisions"}],"predecessor-version":[{"id":3286,"href":"https:\/\/euroconsum.eu\/fr\/wp-json\/wp\/v2\/pages\/817\/revisions\/3286"}],"wp:attachment":[{"href":"https:\/\/euroconsum.eu\/fr\/wp-json\/wp\/v2\/media?parent=817"}],"curies":[{"name":"wp","href":"https:\/\/api.w.org\/{rel}","templated":true}]}}

Recours en révision

<div data-elementor-type="wp-page" data-elementor-id="817" class="elementor elementor-817" data-elementor-post-type="page">
						<section class="elementor-section elementor-top-section elementor-element elementor-element-3120fd6 elementor-section-boxed elementor-section-height-default elementor-section-height-default" data-id="3120fd6" data-element_type="section" data-e-type="section">
						<div class="elementor-container elementor-column-gap-default">
					<div class="elementor-column elementor-col-100 elementor-top-column elementor-element elementor-element-27caff8" data-id="27caff8" data-element_type="column" data-e-type="column">
			<div class="elementor-widget-wrap elementor-element-populated">
						<div class="elementor-element elementor-element-86c995f elementor-widget elementor-widget-spacer" data-id="86c995f" data-element_type="widget" data-e-type="widget" data-widget_type="spacer.default">
				<div class="elementor-widget-container">
							<div class="elementor-spacer">
			<div class="elementor-spacer-inner"></div>
		</div>
						</div>
				</div>
				<div class="elementor-element elementor-element-b7cf06a elementor-widget elementor-widget-heading" data-id="b7cf06a" data-element_type="widget" data-e-type="widget" data-widget_type="heading.default">
				<div class="elementor-widget-container">
					<h2 class="elementor-heading-title elementor-size-large">Recours en révision</h2>				</div>
				</div>
				<section class="elementor-section elementor-inner-section elementor-element elementor-element-068afe0 elementor-section-boxed elementor-section-height-default elementor-section-height-default" data-id="068afe0" data-element_type="section" data-e-type="section">
						<div class="elementor-container elementor-column-gap-default">
					<div class="elementor-column elementor-col-50 elementor-inner-column elementor-element elementor-element-03e8144" data-id="03e8144" data-element_type="column" data-e-type="column">
			<div class="elementor-widget-wrap elementor-element-populated">
						<div class="elementor-element elementor-element-ee86aa3 elementor-widget elementor-widget-text-editor" data-id="ee86aa3" data-element_type="widget" data-e-type="widget" data-widget_type="text-editor.default">
				<div class="elementor-widget-container">
									<p>Les consommateurs devraient en parler. <b>Actions en réparation et actions en justice modèles</b> savoir</p><ul><li>Le site <a href="https://eur-lex.europa.eu/legal-content/DE/TXT/HTML/?uri=CELEX:32020L1828">Directive (UE) 2020/1828 du Parlement européen et du Conseil du 25 novembre 2020 relative aux actions collectives en matière de protection des intérêts collectifs [...].</a>) introduit <strong>Introduit un nouveau régime de protection juridique pour la défense des intérêts collectifs</strong>.</li><li><span style="color: var( --e-global-color-text );">Contrairement à l'Allemagne <strong>Modèle d'action en justice</strong> Il s'agit d'une procédure en une seule étape. Cela signifie qu'il est possible d'intenter une action directe en réparation ou en dommages-intérêts et que le détour actuellement nécessaire par une décision de constatation est supprimé.</span></li></ul><p>La directive est actuellement en attente de mise en œuvre.</p><p><strong style="color: var( --e-global-color-text );">Dès que nous aurons entamé les procédures correspondantes, nous en parlerons ici.</strong></p>								</div>
				</div>
					</div>
		</div>
				<div class="elementor-column elementor-col-50 elementor-inner-column elementor-element elementor-element-a5caa54" data-id="a5caa54" data-element_type="column" data-e-type="column">
			<div class="elementor-widget-wrap elementor-element-populated">
						<div class="elementor-element elementor-element-418363f elementor-widget elementor-widget-image" data-id="418363f" data-element_type="widget" data-e-type="widget" data-widget_type="image.default">
				<div class="elementor-widget-container">
															<img fetchpriority="high" decoding="async" width="800" height="600" src="https://euroconsum.eu/wp-content/uploads/2021/12/bgh-1024x768.jpeg" class="attachment-large size-large wp-image-427" alt="" />															</div>
				</div>
				<div class="elementor-element elementor-element-c2fd0ec elementor-widget elementor-widget-text-editor" data-id="c2fd0ec" data-element_type="widget" data-e-type="widget" data-widget_type="text-editor.default">
				<div class="elementor-widget-container">
									<p><span style="font-weight: bold;">Informations complémentaires :</span></p><ul><li><a href="https://euroconsum.eu/fr/prozessabteilung/">Notre département de processus</a></li><li><a href="https://euroconsum.eu/fr/elementor-655/">Nos actions en cessation</a></li><li><a href="https://euroconsum.eu/fr/unterlassungsklagen/">Nos procédures de punition</a></li><li><a href="https://euroconsum.eu/fr/verstoss-melden/">Signaler une infraction</a></li></ul>								</div>
				</div>
					</div>
		</div>
					</div>
		</section>
				<div class="elementor-element elementor-element-b84b648 elementor-widget elementor-widget-spacer" data-id="b84b648" data-element_type="widget" data-e-type="widget" data-widget_type="spacer.default">
				<div class="elementor-widget-container">
							<div class="elementor-spacer">
			<div class="elementor-spacer-inner"></div>
		</div>
						</div>
				</div>
					</div>
		</div>
					</div>
		</section>
				</div>

<p>Actions en réparation Ce que les consommateurs doivent savoir sur les actions en réparation et les modèles d'actions en réparation : La directive (UE) 2020/1828 du Parlement européen et du Conseil du 25 novembre 2020 sur les actions collectives pour la protection des intérêts collectifs [...]) introduit un nouveau régime de recours pour la défense des intérêts collectifs. Contrairement à l'action en justice modèle allemande, il s'agit d'une procédure à une seule étape. Cela signifie que, directement à partir de la réparation [...]</p>
