{"id":1160,"date":"2022-03-03T21:51:03","date_gmt":"2022-03-03T20:51:03","guid":{"rendered":"https:\/\/euroconsum.eu\/?page_id=1160"},"modified":"2023-04-09T07:58:38","modified_gmt":"2023-04-09T05:58:38","slug":"1160-2","status":"publish","type":"page","link":"https:\/\/euroconsum.eu\/fr\/1160-2\/","title":{"rendered":"Notre histoire"},"content":{"rendered":"<h1 class=\"wp-block-heading\">Notre histoire<\/h1>\n\n\n\n<div class=\"wp-block-cp-timeline-content-timeline-block Cool-Content-Timeline\"><div class=\"cool-timeline-block-2ad387eb-8cc5-4443-af56-e0d93ce0bc3d\"><style scoped=\"true\">.cool-timeline-block-2ad387eb-8cc5-4443-af56-e0d93ce0bc3d .cool-vertical-timeline-body .story-time p{color: #333;}.cool-timeline-block-2ad387eb-8cc5-4443-af56-e0d93ce0bc3d .cool-horizontal-timeline-body .story-time p{color: #333;}.cool-timeline-block-2ad387eb-8cc5-4443-af56-e0d93ce0bc3d .cool-vertical-timeline-body::before{background: linear-gradient(to bottom, rgba(230, 230, 230, 0) 0%, #D91B3E 10%, #D91B3E 90%, rgba(230, 230, 230, 0) 100%);}.cool-timeline-block-2ad387eb-8cc5-4443-af56-e0d93ce0bc3d .cool-horizontal-timeline-body .timeline-content::before{background: #D91B3E;}.cool-timeline-block-2ad387eb-8cc5-4443-af56-e0d93ce0bc3d .cool-horizontal-timeline-body .timeline-content::after{background: #D91B3E;}.cool-timeline-block-2ad387eb-8cc5-4443-af56-e0d93ce0bc3d .cool-vertical-timeline-body .timeline-content::before{background: #D91B3E !important;}.cool-timeline-block-2ad387eb-8cc5-4443-af56-e0d93ce0bc3d .cool-vertical-timeline-body.left .story-details::after{background: #D91B3E !important;}.cool-timeline-block-2ad387eb-8cc5-4443-af56-e0d93ce0bc3d .cool-vertical-timeline-body.right .story-time::after{background: #D91B3E !important;}.cool-timeline-block-2ad387eb-8cc5-4443-af56-e0d93ce0bc3d .cool-vertical-timeline-body .timeline-content .timeline-block-icon{background: #D91B3E !important;}.cool-timeline-block-2ad387eb-8cc5-4443-af56-e0d93ce0bc3d .cool-horizontal-timeline-body .timeline-content .timeline-block-icon{background: #D91B3E !important;}.cool-timeline-block-2ad387eb-8cc5-4443-af56-e0d93ce0bc3d .cool-vertical-timeline-body.both-sided .timeline-content .position-right .story-details::before{border-right-color: #D91B3E !important;}.cool-timeline-block-2ad387eb-8cc5-4443-af56-e0d93ce0bc3d .cool-vertical-timeline-body.both-sided .timeline-content .position-left  .story-details::before{border-left-color: #D91B3E !important;}.cool-timeline-block-2ad387eb-8cc5-4443-af56-e0d93ce0bc3d .cool-vertical-timeline-body.one-sided.left .timeline-content  .story-details::before{border-right-color: #D91B3E !important;}.cool-timeline-block-2ad387eb-8cc5-4443-af56-e0d93ce0bc3d .cool-vertical-timeline-body.one-sided.right .timeline-content  .story-details::before{border-left-color: #D91B3E !important;}.cool-timeline-block-2ad387eb-8cc5-4443-af56-e0d93ce0bc3d .cool-vertical-timeline-body .timeline-content  .story-details{border-color: #D91B3E !important;}.cool-timeline-block-2ad387eb-8cc5-4443-af56-e0d93ce0bc3d .cool-horizontal-timeline-body .timeline-content .ctl-row .ctl-6.timeline-block-detail::before{border-bottom-color: #D91B3E !important;}.cool-timeline-block-2ad387eb-8cc5-4443-af56-e0d93ce0bc3d .cool-horizontal-timeline-body .ctl-6.timeline-block-detail{border-top-color: #D91B3E !important;}.cool-timeline-block-2ad387eb-8cc5-4443-af56-e0d93ce0bc3d .cool-vertical-timeline-body .timeline-content  .timeline-block-icon{border-color: #D91B3EFF !important;}.cool-timeline-block-2ad387eb-8cc5-4443-af56-e0d93ce0bc3d .cool-horizontal-timeline-body .swiper-button-next{color: #D91B3E;}.cool-timeline-block-2ad387eb-8cc5-4443-af56-e0d93ce0bc3d .cool-horizontal-timeline-body .swiper-button-prev{color: #D91B3E;}.cool-timeline-block-2ad387eb-8cc5-4443-af56-e0d93ce0bc3d .cool-horizontal-timeline-body .swiper-pagination-bullet-active{background: #D91B3E;}.cool-timeline-block-2ad387eb-8cc5-4443-af56-e0d93ce0bc3d .icon-true .timeline-block-icon span.timeline-block-render-icon svg{fill: white;}<\/style><div class=\"cool-vertical-timeline-body both-sided left\"><div class=\"cool-timeline-block-list\">\n<div class=\"wp-block-cp-timeline-content-timeline-block-child swiper-slide\"><div class=\"timeline-content icon-false\"><div class=\"timeline-block-timeline ctl-row  position-right\"><div class=\"ctl-6 timeline-block-time\"><div class=\"story-time\"><p>mars 2022 - sept. 2022<\/p><\/div><\/div><div class=\"timeline-block-icon\"><\/div><div class=\"ctl-6 timeline-block-detail\"><div class=\"story-details\"><div class=\"story-content\"><h3>Co-organisateur de la conf\u00e9rence sur la science et la pens\u00e9e critique <br>(<a rel=\"noreferrer noopener\" href=\"https:\/\/skepkon.org\/\" target=\"_blank\">Skepkon<\/a>)<\/h3><p><\/p><\/div><\/div><\/div><\/div><\/div><\/div>\n\n\n\n<div class=\"wp-block-cp-timeline-content-timeline-block-child swiper-slide\"><div class=\"timeline-content icon-false\"><div class=\"timeline-block-timeline ctl-row  position-left\"><div class=\"ctl-6 timeline-block-time\"><div class=\"story-time\"><p>D\u00e9c, 2018 - Actuel<\/p><\/div><\/div><div class=\"timeline-block-icon\"><\/div><div class=\"ctl-6 timeline-block-detail\"><div class=\"story-details\"><div class=\"story-content\"><h3>Pouvoir d'intenter des actions en justice pour des motifs d'int\u00e9r\u00eat collectif12-2018<\/h3><p><\/p><\/div><\/div><\/div><\/div><\/div><\/div>\n\n\n\n<div class=\"wp-block-cp-timeline-content-timeline-block-child swiper-slide\"><div class=\"timeline-content icon-false\"><div class=\"timeline-block-timeline ctl-row  position-right\"><div class=\"ctl-6 timeline-block-time\"><div class=\"story-time\"><p>janv. 2016<\/p><\/div><\/div><div class=\"timeline-block-icon\"><\/div><div class=\"ctl-6 timeline-block-detail\"><div class=\"story-details\"><div class=\"story-content\"><h3>Le nombre de membres d\u00e9passe les 5 000\u00a0<\/h3><p><\/p><\/div><\/div><\/div><\/div><\/div><\/div>\n\n\n\n<div class=\"wp-block-cp-timeline-content-timeline-block-child swiper-slide\"><div class=\"timeline-content icon-false\"><div class=\"timeline-block-timeline ctl-row  position-left\"><div class=\"ctl-6 timeline-block-time\"><div class=\"story-time\"><p>janv. 2014<\/p><\/div><\/div><div class=\"timeline-block-icon\"><\/div><div class=\"ctl-6 timeline-block-detail\"><div class=\"story-details\"><div class=\"story-content\"><h3>Mise en place et fonctionnement de l'agence de surveillance du march\u00e9 Psychomarkt Kassel<\/h3><p><\/p><\/div><\/div><\/div><\/div><\/div><\/div>\n\n\n\n<div class=\"wp-block-cp-timeline-content-timeline-block-child swiper-slide\"><div class=\"timeline-content icon-false\"><div class=\"timeline-block-timeline ctl-row  position-right\"><div class=\"ctl-6 timeline-block-time\"><div class=\"story-time\"><p>Jan. 2016 - Actuel<\/p><\/div><\/div><div class=\"timeline-block-icon\"><\/div><div class=\"ctl-6 timeline-block-detail\"><div class=\"story-details\"><div class=\"story-content\"><h3>Partenariat avec la GWUP - <a href=\"https:\/\/gwup.org\/\">Soci\u00e9t\u00e9 pour l'\u00e9tude scientifique des parasciences e.V.<\/a><\/h3><p><\/p><\/div><\/div><\/div><\/div><\/div><\/div>\n\n\n\n<div class=\"wp-block-cp-timeline-content-timeline-block-child swiper-slide\"><div class=\"timeline-content icon-false\"><div class=\"timeline-block-timeline ctl-row  position-left\"><div class=\"ctl-6 timeline-block-time\"><div class=\"story-time\"><p>Jan. 2013 - Jan. 2016<\/p><\/div><\/div><div class=\"timeline-block-icon\"><\/div><div class=\"ctl-6 timeline-block-detail\"><div class=\"story-details\"><div class=\"story-content\"><h3>Admission d'autres associations membres<\/h3><p><\/p><\/div><\/div><\/div><\/div><\/div><\/div>\n\n\n\n<div class=\"wp-block-cp-timeline-content-timeline-block-child swiper-slide\"><div class=\"timeline-content icon-false\"><div class=\"timeline-block-timeline ctl-row  position-right\"><div class=\"ctl-6 timeline-block-time\"><div class=\"story-time\"><p>Sept. 2016 - actuel<\/p><\/div><\/div><div class=\"timeline-block-icon\"><\/div><div class=\"ctl-6 timeline-block-detail\"><div class=\"story-details\"><div class=\"story-content\"><h3>Organisme qualifi\u00e9 selon \u00a7 3 ff. UKlaG Office f\u00e9d\u00e9ral de la justice09-2012 - \u00a0<a href=\"https:\/\/www.bundesjustizamt.de\/DE\/Themen\/Verbraucherrechte\/UKlaGundUWGListe\/Einrichtungen\/Einrichtungen_node.html\">Liste des \u00e9tablissements qualifi\u00e9s<\/a>\u00a0selon les \u00a7\u00a7 3 et suivants. UKlaG<\/h3><p><\/p><\/div><\/div><\/div><\/div><\/div><\/div>\n\n\n\n<div class=\"wp-block-cp-timeline-content-timeline-block-child swiper-slide\"><div class=\"timeline-content icon-false\"><div class=\"timeline-block-timeline ctl-row  position-left\"><div class=\"ctl-6 timeline-block-time\"><div class=\"story-time\"><p>janv. 2010 - actuel<\/p><\/div><\/div><div class=\"timeline-block-icon\"><\/div><div class=\"ctl-6 timeline-block-detail\"><div class=\"story-details\"><div class=\"story-content\"><h3>Reprise des activit\u00e9s commerciales des associations membres au sein de la F\u00e9d\u00e9ration allemande des consommateurs<\/h3><p><\/p><\/div><\/div><\/div><\/div><\/div><\/div>\n\n\n\n<div class=\"wp-block-cp-timeline-content-timeline-block-child swiper-slide\"><div class=\"timeline-content icon-false\"><div class=\"timeline-block-timeline ctl-row  position-right\"><div class=\"ctl-6 timeline-block-time\"><div class=\"story-time\"><p>Oct. 2009<\/p><\/div><\/div><div class=\"timeline-block-icon\"><\/div><div class=\"ctl-6 timeline-block-detail\"><div class=\"story-details\"><div class=\"story-content\"><h3>Cr\u00e9ation de l'association de consommateurs<\/h3><p><\/p><\/div><\/div><\/div><\/div><\/div><\/div>\n\n\n\n<div class=\"wp-block-cp-timeline-content-timeline-block-child swiper-slide\"><div class=\"timeline-content icon-false\"><div class=\"timeline-block-timeline ctl-row  position-left\"><div class=\"ctl-6 timeline-block-time\"><div class=\"story-time\"><p>juin 2009 - oct. 2009<\/p><\/div><\/div><div class=\"timeline-block-icon\"><\/div><div class=\"ctl-6 timeline-block-detail\"><div class=\"story-details\"><div class=\"story-content\"><h3>Groupe de travail informel de l'Institut Humaniste de Cassel<\/h3><p><\/p><\/div><\/div><\/div><\/div><\/div><\/div>\n<\/div><\/div><\/div><\/div>","protected":false},"excerpt":{"rendered":"<p>Notre histoire<\/p>","protected":false},"author":1,"featured_media":0,"parent":0,"menu_order":0,"comment_status":"closed","ping_status":"closed","template":"","meta":{"footnotes":""},"class_list":["post-1160","page","type-page","status-publish","hentry"],"_links":{"self":[{"href":"https:\/\/euroconsum.eu\/fr\/wp-json\/wp\/v2\/pages\/1160","targetHints":{"allow":["GET"]}}],"collection":[{"href":"https:\/\/euroconsum.eu\/fr\/wp-json\/wp\/v2\/pages"}],"about":[{"href":"https:\/\/euroconsum.eu\/fr\/wp-json\/wp\/v2\/types\/page"}],"author":[{"embeddable":true,"href":"https:\/\/euroconsum.eu\/fr\/wp-json\/wp\/v2\/users\/1"}],"replies":[{"embeddable":true,"href":"https:\/\/euroconsum.eu\/fr\/wp-json\/wp\/v2\/comments?post=1160"}],"version-history":[{"count":9,"href":"https:\/\/euroconsum.eu\/fr\/wp-json\/wp\/v2\/pages\/1160\/revisions"}],"predecessor-version":[{"id":3469,"href":"https:\/\/euroconsum.eu\/fr\/wp-json\/wp\/v2\/pages\/1160\/revisions\/3469"}],"wp:attachment":[{"href":"https:\/\/euroconsum.eu\/fr\/wp-json\/wp\/v2\/media?parent=1160"}],"curies":[{"name":"wp","href":"https:\/\/api.w.org\/{rel}","templated":true}]}}

<h1 class="wp-block-heading">Notre histoire</h1>



<div class="wp-block-cp-timeline-content-timeline-block Cool-Content-Timeline"><div class="cool-timeline-block-2ad387eb-8cc5-4443-af56-e0d93ce0bc3d"><style scoped="true">.cool-timeline-block-2ad387eb-8cc5-4443-af56-e0d93ce0bc3d .cool-vertical-timeline-body .story-time p{color: #333;}.cool-timeline-block-2ad387eb-8cc5-4443-af56-e0d93ce0bc3d .cool-horizontal-timeline-body .story-time p{color: #333;}.cool-timeline-block-2ad387eb-8cc5-4443-af56-e0d93ce0bc3d .cool-vertical-timeline-body::before{background: linear-gradient(to bottom, rgba(230, 230, 230, 0) 0%, #D91B3E 10%, #D91B3E 90%, rgba(230, 230, 230, 0) 100%);}.cool-timeline-block-2ad387eb-8cc5-4443-af56-e0d93ce0bc3d .cool-horizontal-timeline-body .timeline-content::before{background: #D91B3E;}.cool-timeline-block-2ad387eb-8cc5-4443-af56-e0d93ce0bc3d .cool-horizontal-timeline-body .timeline-content::after{background: #D91B3E;}.cool-timeline-block-2ad387eb-8cc5-4443-af56-e0d93ce0bc3d .cool-vertical-timeline-body .timeline-content::before{background: #D91B3E !important;}.cool-timeline-block-2ad387eb-8cc5-4443-af56-e0d93ce0bc3d .cool-vertical-timeline-body.left .story-details::after{background: #D91B3E !important;}.cool-timeline-block-2ad387eb-8cc5-4443-af56-e0d93ce0bc3d .cool-vertical-timeline-body.right .story-time::after{background: #D91B3E !important;}.cool-timeline-block-2ad387eb-8cc5-4443-af56-e0d93ce0bc3d .cool-vertical-timeline-body .timeline-content .timeline-block-icon{background: #D91B3E !important;}.cool-timeline-block-2ad387eb-8cc5-4443-af56-e0d93ce0bc3d .cool-horizontal-timeline-body .timeline-content .timeline-block-icon{background: #D91B3E !important;}.cool-timeline-block-2ad387eb-8cc5-4443-af56-e0d93ce0bc3d .cool-vertical-timeline-body.both-sided .timeline-content .position-right .story-details::before{border-right-color: #D91B3E !important;}.cool-timeline-block-2ad387eb-8cc5-4443-af56-e0d93ce0bc3d .cool-vertical-timeline-body.both-sided .timeline-content .position-left  .story-details::before{border-left-color: #D91B3E !important;}.cool-timeline-block-2ad387eb-8cc5-4443-af56-e0d93ce0bc3d .cool-vertical-timeline-body.one-sided.left .timeline-content  .story-details::before{border-right-color: #D91B3E !important;}.cool-timeline-block-2ad387eb-8cc5-4443-af56-e0d93ce0bc3d .cool-vertical-timeline-body.one-sided.right .timeline-content  .story-details::before{border-left-color: #D91B3E !important;}.cool-timeline-block-2ad387eb-8cc5-4443-af56-e0d93ce0bc3d .cool-vertical-timeline-body .timeline-content  .story-details{border-color: #D91B3E !important;}.cool-timeline-block-2ad387eb-8cc5-4443-af56-e0d93ce0bc3d .cool-horizontal-timeline-body .timeline-content .ctl-row .ctl-6.timeline-block-detail::before{border-bottom-color: #D91B3E !important;}.cool-timeline-block-2ad387eb-8cc5-4443-af56-e0d93ce0bc3d .cool-horizontal-timeline-body .ctl-6.timeline-block-detail{border-top-color: #D91B3E !important;}.cool-timeline-block-2ad387eb-8cc5-4443-af56-e0d93ce0bc3d .cool-vertical-timeline-body .timeline-content  .timeline-block-icon{border-color: #D91B3EFF !important;}.cool-timeline-block-2ad387eb-8cc5-4443-af56-e0d93ce0bc3d .cool-horizontal-timeline-body .swiper-button-next{color: #D91B3E;}.cool-timeline-block-2ad387eb-8cc5-4443-af56-e0d93ce0bc3d .cool-horizontal-timeline-body .swiper-button-prev{color: #D91B3E;}.cool-timeline-block-2ad387eb-8cc5-4443-af56-e0d93ce0bc3d .cool-horizontal-timeline-body .swiper-pagination-bullet-active{background: #D91B3E;}.cool-timeline-block-2ad387eb-8cc5-4443-af56-e0d93ce0bc3d .icon-true .timeline-block-icon span.timeline-block-render-icon svg{fill: white;}</style><div class="cool-vertical-timeline-body both-sided left"><div class="cool-timeline-block-list">
<div class="wp-block-cp-timeline-content-timeline-block-child swiper-slide"><div class="timeline-content icon-false"><div class="timeline-block-timeline ctl-row  position-right"><div class="ctl-6 timeline-block-time"><div class="story-time"><p>mars 2022 - sept. 2022</p></div></div><div class="timeline-block-icon"></div><div class="ctl-6 timeline-block-detail"><div class="story-details"><div class="story-content"><h3>Co-organisateur de la conférence sur la science et la pensée critique <br>(<a rel="noreferrer noopener" href="https://skepkon.org/" target="_blank">Skepkon</a>)</h3><p></p></div></div></div></div></div></div>



<div class="wp-block-cp-timeline-content-timeline-block-child swiper-slide"><div class="timeline-content icon-false"><div class="timeline-block-timeline ctl-row  position-left"><div class="ctl-6 timeline-block-time"><div class="story-time"><p>Déc, 2018 - Actuel</p></div></div><div class="timeline-block-icon"></div><div class="ctl-6 timeline-block-detail"><div class="story-details"><div class="story-content"><h3>Pouvoir d'intenter des actions en justice pour des motifs d'intérêt collectif12-2018</h3><p></p></div></div></div></div></div></div>



<div class="wp-block-cp-timeline-content-timeline-block-child swiper-slide"><div class="timeline-content icon-false"><div class="timeline-block-timeline ctl-row  position-right"><div class="ctl-6 timeline-block-time"><div class="story-time"><p>janv. 2016</p></div></div><div class="timeline-block-icon"></div><div class="ctl-6 timeline-block-detail"><div class="story-details"><div class="story-content"><h3>Le nombre de membres dépasse les 5 000 </h3><p></p></div></div></div></div></div></div>



<div class="wp-block-cp-timeline-content-timeline-block-child swiper-slide"><div class="timeline-content icon-false"><div class="timeline-block-timeline ctl-row  position-left"><div class="ctl-6 timeline-block-time"><div class="story-time"><p>janv. 2014</p></div></div><div class="timeline-block-icon"></div><div class="ctl-6 timeline-block-detail"><div class="story-details"><div class="story-content"><h3>Mise en place et fonctionnement de l'agence de surveillance du marché Psychomarkt Kassel</h3><p></p></div></div></div></div></div></div>



<div class="wp-block-cp-timeline-content-timeline-block-child swiper-slide"><div class="timeline-content icon-false"><div class="timeline-block-timeline ctl-row  position-right"><div class="ctl-6 timeline-block-time"><div class="story-time"><p>Jan. 2016 - Actuel</p></div></div><div class="timeline-block-icon"></div><div class="ctl-6 timeline-block-detail"><div class="story-details"><div class="story-content"><h3>Partenariat avec la GWUP - <a href="https://gwup.org/">Société pour l'étude scientifique des parasciences e.V.</a></h3><p></p></div></div></div></div></div></div>



<div class="wp-block-cp-timeline-content-timeline-block-child swiper-slide"><div class="timeline-content icon-false"><div class="timeline-block-timeline ctl-row  position-left"><div class="ctl-6 timeline-block-time"><div class="story-time"><p>Jan. 2013 - Jan. 2016</p></div></div><div class="timeline-block-icon"></div><div class="ctl-6 timeline-block-detail"><div class="story-details"><div class="story-content"><h3>Admission d'autres associations membres</h3><p></p></div></div></div></div></div></div>



<div class="wp-block-cp-timeline-content-timeline-block-child swiper-slide"><div class="timeline-content icon-false"><div class="timeline-block-timeline ctl-row  position-right"><div class="ctl-6 timeline-block-time"><div class="story-time"><p>Sept. 2016 - actuel</p></div></div><div class="timeline-block-icon"></div><div class="ctl-6 timeline-block-detail"><div class="story-details"><div class="story-content"><h3>Organisme qualifié selon § 3 ff. UKlaG Office fédéral de la justice09-2012 -  <a href="https://www.bundesjustizamt.de/DE/Themen/Verbraucherrechte/UKlaGundUWGListe/Einrichtungen/Einrichtungen_node.html">Liste des établissements qualifiés</a> selon les §§ 3 et suivants. UKlaG</h3><p></p></div></div></div></div></div></div>



<div class="wp-block-cp-timeline-content-timeline-block-child swiper-slide"><div class="timeline-content icon-false"><div class="timeline-block-timeline ctl-row  position-left"><div class="ctl-6 timeline-block-time"><div class="story-time"><p>janv. 2010 - actuel</p></div></div><div class="timeline-block-icon"></div><div class="ctl-6 timeline-block-detail"><div class="story-details"><div class="story-content"><h3>Reprise des activités commerciales des associations membres au sein de la Fédération allemande des consommateurs</h3><p></p></div></div></div></div></div></div>



<div class="wp-block-cp-timeline-content-timeline-block-child swiper-slide"><div class="timeline-content icon-false"><div class="timeline-block-timeline ctl-row  position-right"><div class="ctl-6 timeline-block-time"><div class="story-time"><p>Oct. 2009</p></div></div><div class="timeline-block-icon"></div><div class="ctl-6 timeline-block-detail"><div class="story-details"><div class="story-content"><h3>Création de l'association de consommateurs</h3><p></p></div></div></div></div></div></div>



<div class="wp-block-cp-timeline-content-timeline-block-child swiper-slide"><div class="timeline-content icon-false"><div class="timeline-block-timeline ctl-row  position-left"><div class="ctl-6 timeline-block-time"><div class="story-time"><p>juin 2009 - oct. 2009</p></div></div><div class="timeline-block-icon"></div><div class="ctl-6 timeline-block-detail"><div class="story-details"><div class="story-content"><h3>Groupe de travail informel de l'Institut Humaniste de Cassel</h3><p></p></div></div></div></div></div></div>
</div></div></div></div>
