{"id":2328,"date":"2022-03-20T11:51:24","date_gmt":"2022-03-20T10:51:24","guid":{"rendered":"https:\/\/euroconsum.eu\/?post_type=klage&#038;p=2328"},"modified":"2022-03-20T11:54:29","modified_gmt":"2022-03-20T10:54:29","slug":"ueberschrift","status":"publish","type":"klage","link":"https:\/\/euroconsum.eu\/fr\/klagen\/ueberschrift\/","title":{"rendered":"B\u00f6nen und Dortmund: OLG Hamm verurteilt Lidl wegen Preisauszeichnungsverst\u00f6\u00dfen"},"content":{"rendered":"\n<h3 class=\"wp-block-heading\" id=\"verfahrensgegenstand\">Verfahrensgegenstand<\/h3>\n\n\n\n<p>Gegenstand der Verbandsklage:&nbsp;<strong>Versto\u00df gegen die Preisangabenverordnung<\/strong>, konkret:<\/p>\n\n\n\n<ul class=\"wp-block-list\"><li>Fehlen von Preisangaben (Grundpreis)<\/li><li>Preisangabe Rabattierte Ware<\/li><li>Kein Rechtsmissbrauch durch Nennen von LIDL auf der Internetseite<\/li><li>Fassung der Klageantr\u00e4ge<\/li><li>Verwendung des Wortlautes der EU-Richtlinie (statt der nationalen VO) unsch\u00e4dlich<\/li><li>zur novellierten Fertigpackungsverordnung (\u201cfig\u00fcrliche S\u00fc\u00dfwaren\u201d)<\/li><li>Wiederholungsgefahr ist nicht filialbezogen<\/li><li>Keine Pflicht eines Verbraucherschutzverbandes sich bei Verst\u00f6\u00dfen an das Marktpersonal zu wenden<\/li><\/ul>\n\n\n\n<p><em><strong>Anmerkung:<\/strong><\/em>&nbsp;<em>LIDL hat nach unseren Abmahnungen die Auspreisung von rabattierter Ware bundesweit ge\u00e4ndert: die \u201c30%-Billiger-Aufkleber\u201d enthalten nun ein Feld f\u00fcr den Grundpreis nach Rabattierung.<\/em><\/p>\n","protected":false},"excerpt":{"rendered":"<p>Verfahrensgegenstand Gegenstand der Verbandsklage:&nbsp;Versto\u00df gegen die Preisangabenverordnung, konkret: Fehlen von Preisangaben (Grundpreis) Preisangabe Rabattierte Ware Kein Rechtsmissbrauch durch Nennen von LIDL auf der Internetseite Fassung der Klageantr\u00e4ge Verwendung des Wortlautes der EU-Richtlinie (statt der nationalen VO) unsch\u00e4dlich zur novellierten Fertigpackungsverordnung (\u201cfig\u00fcrliche S\u00fc\u00dfwaren\u201d) Wiederholungsgefahr ist nicht filialbezogen Keine Pflicht eines Verbraucherschutzverbandes sich bei Verst\u00f6\u00dfen an das [&hellip;]<\/p>\n","protected":false},"featured_media":2329,"template":"","categories":[],"tags":[],"class_list":["post-2328","klage","type-klage","status-publish","has-post-thumbnail","hentry"],"gegner":"Lidl Vertriebs-GmbH & Co KG","details_drittfinanzierung":"Finanzierung aus eigenen Mitteln","_links":{"self":[{"href":"https:\/\/euroconsum.eu\/fr\/wp-json\/wp\/v2\/klage\/2328","targetHints":{"allow":["GET"]}}],"collection":[{"href":"https:\/\/euroconsum.eu\/fr\/wp-json\/wp\/v2\/klage"}],"about":[{"href":"https:\/\/euroconsum.eu\/fr\/wp-json\/wp\/v2\/types\/klage"}],"version-history":[{"count":0,"href":"https:\/\/euroconsum.eu\/fr\/wp-json\/wp\/v2\/klage\/2328\/revisions"}],"wp:featuredmedia":[{"embeddable":true,"href":"https:\/\/euroconsum.eu\/fr\/wp-json\/wp\/v2\/media\/2329"}],"wp:attachment":[{"href":"https:\/\/euroconsum.eu\/fr\/wp-json\/wp\/v2\/media?parent=2328"}],"wp:term":[{"taxonomy":"category","embeddable":true,"href":"https:\/\/euroconsum.eu\/fr\/wp-json\/wp\/v2\/categories?post=2328"},{"taxonomy":"post_tag","embeddable":true,"href":"https:\/\/euroconsum.eu\/fr\/wp-json\/wp\/v2\/tags?post=2328"}],"curies":[{"name":"wp","href":"https:\/\/api.w.org\/{rel}","templated":true}]}}

Bönen und Dortmund: OLG Hamm verurteilt Lidl wegen Preisauszeichnungsverstößen

<h3 class="wp-block-heading" id="verfahrensgegenstand">Verfahrensgegenstand</h3>



<p>Gegenstand der Verbandsklage:&nbsp;<strong>Verstoß gegen die Preisangabenverordnung</strong>, konkret:</p>



<ul class="wp-block-list"><li>Fehlen von Preisangaben (Grundpreis)</li><li>Preisangabe Rabattierte Ware</li><li>Kein Rechtsmissbrauch durch Nennen von LIDL auf der Internetseite</li><li>Fassung der Klageanträge</li><li>Verwendung des Wortlautes der EU-Richtlinie (statt der nationalen VO) unschädlich</li><li>zur novellierten Fertigpackungsverordnung (“figürliche Süßwaren”)</li><li>Wiederholungsgefahr ist nicht filialbezogen</li><li>Keine Pflicht eines Verbraucherschutzverbandes sich bei Verstößen an das Marktpersonal zu wenden</li></ul>



<p><em><strong>Anmerkung:</strong></em>&nbsp;<em>LIDL hat nach unseren Abmahnungen die Auspreisung von rabattierter Ware bundesweit geändert: die “30%-Billiger-Aufkleber” enthalten nun ein Feld für den Grundpreis nach Rabattierung.</em></p>

<p>Verfahrensgegenstand Gegenstand der Verbandsklage:&nbsp;Verstoß gegen die Preisangabenverordnung, konkret: Fehlen von Preisangaben (Grundpreis) Preisangabe Rabattierte Ware Kein Rechtsmissbrauch durch Nennen von LIDL auf der Internetseite Fassung der Klageanträge Verwendung des Wortlautes der EU-Richtlinie (statt der nationalen VO) unschädlich zur novellierten Fertigpackungsverordnung (“figürliche Süßwaren”) Wiederholungsgefahr ist nicht filialbezogen Keine Pflicht eines Verbraucherschutzverbandes sich bei Verstößen an das [&hellip;]</p>
